units digit of 295?
5
What is the thousands digit of 2140?
2
What is the hundreds digit of 41343?
3
What is the units digit of 15339?
9
What is the hundreds digit of 53271?
2
What is the units digit of 4805?
5
What is the ten thousands digit of 24499?
2
What is the hundreds digit of 661?
6
What is the tens digit of 9741?
4
What is the hundreds digit of 512?
5
What is the units digit of 946?
6
What is the units digit of 25119?
9
What is the tens digit of 1031?
3
What is the units digit of 9387?
7
What is the hundreds digit of 4225?
2
What is the tens digit of 6077?
7
What is the units digit of 4540?
0
What is the tens digit of 24035?
3
What is the thousands digit of 4137?
4
What is the thousands digit of 1078?
1
What is the hundreds digit of 68832?
8
What is the tens digit of 614?
1
What is the thousands digit of 6608?
6
What is the units digit of 5467?
7
What is the units digit of 4297?
7
What is the units digit of 712?
2
What is the hundreds digit of 69271?
2
What is the units digit of 65075?
5
What is the hundreds digit of 2653?
6
What is the tens digit of 3731?
3
What is the hundred thousands digit of 175759?
1
What is the units digit of 98?
8
What is the tens digit of 51410?
1
What is the units digit of 55?
5
What is the hundred thousands digit of 142096?
1
What is the tens digit of 2605?
0
What is the thousands digit of 1698?
1
What is the hundreds digit of 8897?
8
What is the thousands digit of 12982?
2
What is the tens digit of 53054?
5
What is the tens digit of 160?
6
What is the units digit of 12837?
7
What is the ten thousands digit of 11521?
1
What is the ten thousands digit of 53008?
5
What is the tens digit of 39398?
9
What is the tens digit of 3309?
0
What is the hundreds digit of 308?
3
What is the units digit of 852?
2
What is the units digit of 3304?
4
What is the units digit of 8960?
0
What is the tens digit of 581?
8
What is the ten thousands digit of 10976?
1
What is the tens digit of 3206?
0
What is the ten thousands digit of 38630?
3
What is the units digit of 1536?
6
What is the thousands digit of 16295?
6
What is the thousands digit of 60418?
0
What is the tens digit of 1819?
1
What is the ten thousands digit of 59823?
5
What is the hundreds digit of 5399?
3
What is the hundreds digit of 8014?
0
What is the thousands digit of 13720?
3
What is the hundreds digit of 8027?
0
What is the units digit of 735?
5
What is the hundreds digit of 5650?
6
What is the hundreds digit of 1091?
0
What is the hundreds digit of 673?
6
What is the thousands digit of 3133?
3
What is the thousands digit of 4101?
4
What is the ten thousands digit of 23068?
2
What is the thousands digit of 1622?
1
What is the hundreds digit of 8952?
9
What is the hundreds digit of 3474?
4
What is the hundreds digit of 98194?
1
What is the tens digit of 784?
8
What is the tens digit of 693?
9
What is the tens digit of 5082?
8
What is the hundreds digit of 52643?
6
What is the hundreds digit of 3795?
7
What is the thousands digit of 41403?
1
What is the tens digit of 260?
6
What is the thousands digit of 16971?
6
What is the tens digit of 22395?
9
What is the units digit of 87213?
3
What is the ten thousands digit of 29696?
2
What is the hundreds digit of 9356?
3
What is the thousands digit of 7351?
7
What is the hundreds digit of 22654?
6
What is the thousands digit of 31889?
1
What is the units digit of 4030?
0
What is the ten thousands digit of 10306?
1
What is the thousands digit of 3196?
3
What is the tens digit of 7127?
2
What is the units digit of 26050?
0
What is the units digit of 4123?
3
What is the tens digit of 1873?
7
What is the ten thousands digit of 14364?
1
What is the hundreds digit of 3336?
3
What is the tens digit of 2435?
3
What is the hundreds digit of 1612?
6
What is the hundreds digit of 1263?
2
What is the thousands digit of 8597?
8
What is the thousands digit of 25536?
5
What is the hundreds digit of 7008?
0
What is the thousands digit of 5645?
5
What is the hundreds digit of 205?
2
What is the ten thousands digit of 51603?
5
What is the tens digit of 3358?
5
What is the tens digit of 985?
8
What is the tens digit of 168?
6
What is the hundreds digit of 1463?
4
What is the thousands digit of 1399?
1
What is the ten thousands digit of 25452?
2
What is the ten thousands digit of 12154?
1
What is the units digit of 8200?
0
What is the units digit of 5398?
8
What is the units digit of 755?
5
What is the tens digit of 6838?
3
What is the hundreds digit of 32242?
2
What is the tens digit of 759?
5
What is the units digit of 4597?
7
What is the hundreds digit of 1433?
4
What is the hundreds digit of 1126?
1
What is the thousands digit of 19819?
9
What is the units digit of 1227?
7
What is the hundreds digit of 12020?
0
What is the thousands digit of 16417?
6
What is the units digit of 1111?
1
What is the units digit of 1028?
8
What is the thousands digit of 4594?
4
What is the tens digit of 2534?
3
What is the thousands digit of 1388?
1
What is the tens digit of 1654?
5
What is the units digit of 580?
0
What is the units digit of 751?
1
What is the hundreds digit of 7944?
9
What is the thousands digit of 5251?
5
What is the hundreds digit of 9146?
1
What is the units digit of 44627?
7
What is the tens digit of 1888?
8
What is the hundreds digit of 202?
2
What is the thousands digit of 8605?
8
What is the hundreds digit of 37227?
2
What is the thousands digit of 4602?
4
What is the units digit of 1403?
3
What is the ten thousands digit of 13422?
1
What is the thousands digit of 56331?
6
What is the tens digit of 456?
5
What is the tens digit of 1082?
8
What is the hundreds digit of 76223?
2
What is the hundreds digit of 6357?
3
What is the thousands digit of 101601?
1
What is the tens digit of 461?
6
What is the hundreds digit of 16496?
4
What is the hundreds digit of 4099?
0
What is the hundreds digit of 302?
3
What is the hundreds digit of 413?
4
What is the units digit of 1261?
1
What is the units digit of 576?
6
What is the thousands digit of 29568?
9
What is the units digit of 31206?
6
What is the hundreds digit of 6811?
8
What is the units digit of 6314?
4
What is the hundreds digit of 73237?
2
What is the units digit of 5725?
5
What is the tens digit of 828?
2
What is the units digit of 8829?
9
What is the tens digit of 4452?
5
What is the thousands digit of 9104?
9
What is the tens digit of 3856?
5
What is the units digit of 23638?
8
What is the units digit of 62053?
3
What is the tens digit of 4080?
8
What is the units digit of 13249?
9
What is the hundreds digit of 43764?
7
What is the thousands digit of 1488?
1
What is the ten thousands digit of 54450?
5
What is the thousands digit of 4505?
4
What is the ten thousands digit of 12371?
1
What is the units digit of 10289?
9
What is the hundreds digit of 9895?
8
What is the thousands digit of 28915?
8
What is the units digit of 538?
8
What is the units digit of 13828?
8
What is the hundreds digit of 4606?
6
What is the hundreds digit of 938?
9
What is the tens digit of 746?
4
What is the units digit of 16275?
5
What is the tens digit of 25892?
9
What is the hundreds digit of 424?
4
What is the hundreds digit of 634?
6
What is the hundreds digit of 943?
9
What is the ten thousands digit of 26684?
2
What is the tens digit of 108957?
5
What is the thousands digit of 13228?
3
What is the tens digit of 228?
2
What is the hundreds digit of 58507?
5
What is the hundreds digit of 814?
8
What is the units digit of 156?
6
What is the units digit of 367?
7
What is the hundreds digit of 45038?
0
What is the units digit of 1019?
9
What is the units digit of 2549?
9
What is the units digit of 10041?
1
What is the hundreds digit of 4374?
3
What is the hundreds digit of 1268?
2
What is the thousands digit of 10624?
0
What is the hundreds digit of 1991?
9
What is the hundreds digit of 1446?
4
What is the units digit of 3125?
5
What is the hundreds digit of 496?
4
What is the hundreds digit of 4953?
9
What is the thousands digit of 2363?
2
What is the hundreds digit of 131210?
2
What is the thousands digit of 3644?
3
What is the hundreds digit of 1686?
6
What is the tens digit of 21894?
9
What is the hundreds digit of 332?
3
What is the thousands digit of 11174?
1
What is the hundreds digit of 946?
9